{"id":143,"date":"2025-12-05T18:37:58","date_gmt":"2025-12-05T18:37:58","guid":{"rendered":"https:\/\/web14496.cweb06.gamingcontrol.de\/?page_id=143"},"modified":"2025-12-10T14:40:36","modified_gmt":"2025-12-10T14:40:36","slug":"it-sicherheit","status":"publish","type":"page","link":"https:\/\/web14496.cweb06.gamingcontrol.de\/?page_id=143","title":{"rendered":"IT-Sicherheit"},"content":{"rendered":"\n<p>Viele Unternehmen haben inzwischen die Bedeutung von IT-Si\u00adcherheit erkannt. Das Thema ist im Bewusstsein der Ver\u00adantwort\u00adlichen angekommen. Eine anspruchsvolle Aufgabe bleibt jedoch die Verwirklichung.<\/p>\n\n\n\n<p>IT-Sicherheit l\u00e4sst sich heute nicht mehr nur als interne Angelegenheit betrachten. Vermehrt fragen auch die Gesch\u00e4ftspartner nach, wie es um die IT-Sicherheit und das Risikomanagement bestellt ist.<\/p>\n\n\n\n<p>Der Nachweis von Vertraulichkeit, Verf\u00fcgbarkeit und Integrit\u00e4t der Unternehmensdaten belegt die Zuverl\u00e4s\u00adsig\u00adkeit eines Unternehmens und signalisiert Professio\u00adnalit\u00e4t. Dies l\u00e4sst sich als Wettbewerbsvorteil nutzen.<\/p>\n\n\n\n<p>Oft ist dem Management nicht bewusst, dass die Schaffung und Aufrechterhaltung von IT-Sicherheit Chefsache ist. Die Sicherheitsziele eines Unternehmens m\u00fcssen von ver\u00adantwortlicher Seite definiert werden. Nur die Gesch\u00e4ftsleitung kann die organisatori\u00adschen Voraussetzungen schaffen, um erforderliche Ma\u00dfnahmen und Prozesse durchzusetzen.<\/p>\n\n\n\n<p>IT-Sicherheit ist eine strategische Angelegenheit und betrifft nicht nur die Abteilung Informationstechnik. Menschen und Prozesse sind im Spiel.<\/p>\n\n\n\n<p><strong>Im Zusammenhang mit IT-Sicherheit stellen sich unter anderem folgende Fragen:<\/strong><\/p>\n\n\n\n<ul class=\"wp-block-list\">\n<li>Mit welchen Risiken sind wir konfrontiert?<\/li>\n\n\n\n<li>Welche methodische Vorgehensweise eignet sich f\u00fcr uns am besten?<\/li>\n\n\n\n<li>Wie schaffen wir entsprechendes Sicherheitsbewusstsein bei unseren Mitarbeitern?<\/li>\n\n\n\n<li>Wie lassen sich die erforderlichen Ma\u00dfnahmen in unsere Gesch\u00e4ftsprozesse integrieren?<\/li>\n\n\n\n<li>Wie l\u00e4sst sich der wachsenden Anzahl von Gef\u00e4hrdungen mit begrenztem Ressourceneinsatz begegnen?<\/li>\n<\/ul>\n\n\n\n<p>IT-Sicherheit und bewusstes Risikomanagement setzen klare Ziele und eine lang\u00adfristige Strategie voraus. Es bedarf einer methodischen Vorgehensweise, um wirkliches Sicherheitsmanagement zu etablieren (z.B. nach dem Grundschutzhandbuch des Bundesamtes f\u00fcr Sicherheit in der Informationstechnik).<\/p>\n\n\n\n<p>\u00a0<strong>IT-Sicherheit, warum Sie mit uns sprechen sollten<\/strong><\/p>\n\n\n\n<p>Wir haben in der Praxis erlebt, wo die meisten Sicherheitprobleme in mittel\u00adst\u00e4n\u00addischen Unternehmen liegen.<\/p>\n\n\n\n<ul class=\"wp-block-list\">\n<li>Wir unterst\u00fctzen bei der Formulierung der Sicherheitsrichtlinie und bei der Einsch\u00e4tzung der H\u00f6he des Schutzbedarfs.<\/li>\n\n\n\n<li>Wir f\u00fchren die Bestandsaufnahme (Sicherheitscheck) durch.<\/li>\n\n\n\n<li>Wir erarbeiten einen Ma\u00dfnahmenkatalog zur Verbesserung der Sicherheit.<\/li>\n\n\n\n<li>Wir erstellen einen Umsetzungsplan f\u00fcr den Ma\u00dfnahmenkatalog (Zeit und Kosten).<\/li>\n\n\n\n<li>Wir begleiten bei der Ma\u00dfnahmendurchf\u00fchrung und koordinieren die Aufgaben.<\/li>\n\n\n\n<li>Wir sorgen daf\u00fcr, dass ein dauerhafter Sicherheitsprozess eingef\u00fchrt wird, der jederzeit auditierbar ist.<\/li>\n<\/ul>\n\n\n\n<p>IT-Sicherheit ist eine sensible Angelegenheit. Es lohnt sich, externen und kompetenten Sachverstand einzubeziehen. Sprechen Sie mit uns.<\/p>\n","protected":false},"excerpt":{"rendered":"<p>Viele Unternehmen haben inzwischen die Bedeutung von IT-Si\u00adcherheit erkannt. Das Thema ist im Bewusstsein der Ver\u00adantwort\u00adlichen angekommen. Eine anspruchsvolle Aufgabe bleibt jedoch die Verwirklichung. IT-Sicherheit l\u00e4sst sich heute nicht mehr nur als interne Angelegenheit betrachten. Vermehrt fragen auch die Gesch\u00e4ftspartner nach, wie es um die IT-Sicherheit und das Risikomanagement bestellt ist. Der Nachweis von Vertraulichkeit, [&hellip;]<\/p>\n","protected":false},"author":1,"featured_media":0,"parent":0,"menu_order":0,"comment_status":"closed","ping_status":"closed","template":"","meta":{"footnotes":""},"class_list":["post-143","page","type-page","status-publish","hentry"],"_links":{"self":[{"href":"https:\/\/web14496.cweb06.gamingcontrol.de\/index.php?rest_route=\/wp\/v2\/pages\/143","targetHints":{"allow":["GET"]}}],"collection":[{"href":"https:\/\/web14496.cweb06.gamingcontrol.de\/index.php?rest_route=\/wp\/v2\/pages"}],"about":[{"href":"https:\/\/web14496.cweb06.gamingcontrol.de\/index.php?rest_route=\/wp\/v2\/types\/page"}],"author":[{"embeddable":true,"href":"https:\/\/web14496.cweb06.gamingcontrol.de\/index.php?rest_route=\/wp\/v2\/users\/1"}],"replies":[{"embeddable":true,"href":"https:\/\/web14496.cweb06.gamingcontrol.de\/index.php?rest_route=%2Fwp%2Fv2%2Fcomments&post=143"}],"version-history":[{"count":1,"href":"https:\/\/web14496.cweb06.gamingcontrol.de\/index.php?rest_route=\/wp\/v2\/pages\/143\/revisions"}],"predecessor-version":[{"id":186,"href":"https:\/\/web14496.cweb06.gamingcontrol.de\/index.php?rest_route=\/wp\/v2\/pages\/143\/revisions\/186"}],"wp:attachment":[{"href":"https:\/\/web14496.cweb06.gamingcontrol.de\/index.php?rest_route=%2Fwp%2Fv2%2Fmedia&parent=143"}],"curies":[{"name":"wp","href":"https:\/\/api.w.org\/{rel}","templated":true}]}}