{"id":140,"date":"2025-12-05T18:37:18","date_gmt":"2025-12-05T18:37:18","guid":{"rendered":"https:\/\/web14496.cweb06.gamingcontrol.de\/?page_id=140"},"modified":"2025-12-10T14:38:34","modified_gmt":"2025-12-10T14:38:34","slug":"consulting","status":"publish","type":"page","link":"https:\/\/web14496.cweb06.gamingcontrol.de\/?page_id=140","title":{"rendered":"Consulting"},"content":{"rendered":"\n<p>Jedes Unternehmen versp\u00fcrt den versch\u00e4rften Wett\u00adbe\u00adwerbs\u00addruck. Best\u00e4ndig ist nurmehr der Wandel. Motor dieser Ent\u00adwicklung ist nicht zuletzt die Informationstechnik.<\/p>\n\n\n\n<p>Eine Vielzahl neuer Technologien und Kom\u00admuni\u00adka\u00adtions\u00adformen er\u00f6ffnet ungeahnte M\u00f6glichkeiten, birgt aber auch neue Risiken. Sich diesen Herausforderun\u00adgen zu stellen, bleibt keinem Unternehmen erspart.<\/p>\n\n\n\n<p>Wir unterst\u00fctzen Sie bei der Auf\u00adgabe, L\u00f6sungen zu entwickeln und umzusetzen, die den Einsatz von In\u00adfor\u00admationstechnik im Unternehmen effizienter, sicherer und damit wirtschaftlicher gestalten.<\/p>\n\n\n\n<p>Durch unsere kompetente und praxisorientierte Bera\u00adtung profitieren Sie von erfahrenem externem Sachverstand. Wir helfen, versteckte Potentiale und Defizite zu erkennen und zeigen Perspektiven auf.<\/p>\n\n\n\n<p><strong>Im Rahmen unserer Arbeit gehen wir folgenderma\u00dfen vor:<\/strong><\/p>\n\n\n\n<ul class=\"wp-block-list\">\n<li>Analyse und Dokumentation der Gegebenheiten bzw. Anforderungen.<\/li>\n\n\n\n<li>Erarbeitung und Abstimmung von L\u00f6sungsvorschl\u00e4gen.<\/li>\n\n\n\n<li>Vorlage eines umsetzungsreifen L\u00f6sungskonzeptes.<\/li>\n\n\n\n<li>Fachliche Begleitung bei der Konzeptumsetzung.<\/li>\n<\/ul>\n\n\n\n<p><strong>IT-Consulting, warum Sie mit uns sprechen sollten<\/strong><\/p>\n\n\n\n<p>Wir beraten Sie nicht nur themenbezogen, sondern auch strategisch. Wir helfen Ihnen, den Nutzwert Ihrer IT insgesamt zu verbessern. Wir wollen, dass Ihre IT zu einem Er\u00adfolgs\u00adfaktor wird, der Ihr Unternehmen bei der Erreichung seiner Gesch\u00e4ftsziele aktiv und wahrnehmbar unterst\u00fctzt.<\/p>\n\n\n\n<p>Unsere langj\u00e4hrige Praxis er\u00f6ffnet Ihnen die M\u00f6glichkeit, von unserer Erfahrung aus \u00e4hnlich gelagerten Aufgabenstellungen zu profitieren.<\/p>\n\n\n\n<p><strong>Unsere Unterst\u00fctzung bringt Ihnen folgende Vorteile:<\/strong><\/p>\n\n\n\n<ul class=\"wp-block-list\">\n<li>Sie werden von neutraler Seite begleitet. Wir arbeiten unabh\u00e4ngig von Herstellerinteressen.<\/li>\n\n\n\n<li>Ihre IT-Landschaft wird von einer unvoreingenommenen Warte aus beleuchtet.<\/li>\n\n\n\n<li>Defizite und Optimierungspotenziale werden erkennbar.<\/li>\n\n\n\n<li>Die Verzahnung von IT-Verfahren und Gesch\u00e4ftsprozessen wird effizienter.<\/li>\n\n\n\n<li>Die Kommunikation zwischen den Fachabteilungen und der IT verbessert sich, wenn sie von neutraler Seite moderiert wird.<\/li>\n\n\n\n<li>Kosten und Nutzen entwickeln sich in Richtung erh\u00f6hter Wirtschaftlichkeit.<\/li>\n<\/ul>\n","protected":false},"excerpt":{"rendered":"<p>Jedes Unternehmen versp\u00fcrt den versch\u00e4rften Wett\u00adbe\u00adwerbs\u00addruck. Best\u00e4ndig ist nurmehr der Wandel. Motor dieser Ent\u00adwicklung ist nicht zuletzt die Informationstechnik. Eine Vielzahl neuer Technologien und Kom\u00admuni\u00adka\u00adtions\u00adformen er\u00f6ffnet ungeahnte M\u00f6glichkeiten, birgt aber auch neue Risiken. Sich diesen Herausforderun\u00adgen zu stellen, bleibt keinem Unternehmen erspart. Wir unterst\u00fctzen Sie bei der Auf\u00adgabe, L\u00f6sungen zu entwickeln und umzusetzen, die den [&hellip;]<\/p>\n","protected":false},"author":1,"featured_media":0,"parent":0,"menu_order":0,"comment_status":"closed","ping_status":"closed","template":"","meta":{"footnotes":""},"class_list":["post-140","page","type-page","status-publish","hentry"],"_links":{"self":[{"href":"https:\/\/web14496.cweb06.gamingcontrol.de\/index.php?rest_route=\/wp\/v2\/pages\/140","targetHints":{"allow":["GET"]}}],"collection":[{"href":"https:\/\/web14496.cweb06.gamingcontrol.de\/index.php?rest_route=\/wp\/v2\/pages"}],"about":[{"href":"https:\/\/web14496.cweb06.gamingcontrol.de\/index.php?rest_route=\/wp\/v2\/types\/page"}],"author":[{"embeddable":true,"href":"https:\/\/web14496.cweb06.gamingcontrol.de\/index.php?rest_route=\/wp\/v2\/users\/1"}],"replies":[{"embeddable":true,"href":"https:\/\/web14496.cweb06.gamingcontrol.de\/index.php?rest_route=%2Fwp%2Fv2%2Fcomments&post=140"}],"version-history":[{"count":4,"href":"https:\/\/web14496.cweb06.gamingcontrol.de\/index.php?rest_route=\/wp\/v2\/pages\/140\/revisions"}],"predecessor-version":[{"id":184,"href":"https:\/\/web14496.cweb06.gamingcontrol.de\/index.php?rest_route=\/wp\/v2\/pages\/140\/revisions\/184"}],"wp:attachment":[{"href":"https:\/\/web14496.cweb06.gamingcontrol.de\/index.php?rest_route=%2Fwp%2Fv2%2Fmedia&parent=140"}],"curies":[{"name":"wp","href":"https:\/\/api.w.org\/{rel}","templated":true}]}}