{"id":122,"date":"2025-12-05T18:35:50","date_gmt":"2025-12-05T18:35:50","guid":{"rendered":"https:\/\/web14496.cweb06.gamingcontrol.de\/?page_id=122"},"modified":"2025-12-10T14:12:16","modified_gmt":"2025-12-10T14:12:16","slug":"loesungen","status":"publish","type":"page","link":"https:\/\/web14496.cweb06.gamingcontrol.de\/?page_id=122","title":{"rendered":"L\u00f6sungen"},"content":{"rendered":"\n<p class=\"has-text-align-center has-large-font-size\"><strong>L\u00f6sungen, die Ihnen den R\u00fccken frei halten und Raum f\u00fcr das Wichtige schaffen!<\/strong><\/p>\n\n\n\n<p>Unser Ziel ist es Ihnen optimale IT-L\u00f6sungen bei unterschiedlichsten Anspr\u00fcchen zur Verf\u00fcgung zu stellen, damit Sie sich auch weiterhin auf Ihre Kernkompetenzen konzentrieren k\u00f6nnen. Durch eine grundlegende Analyse Ihrer IT-Infrastruktur und einer darauffolgenden Evaluierung eines speziell auf Ihre Belange angepassten Handlungskonzepts gew\u00e4hrleistet digimediavision kohlstadt einen reibungslosen Ablauf Ihrer IT-Prozesse. Durch h\u00f6chste Technologiestandards und eine hohe Kundenorientierung profitieren Sie dauerhaft von unserem know-how<\/p>\n\n\n\n<p class=\"has-large-font-size\"><strong>Unsere Leistungen:<\/strong><\/p>\n\n\n\n<ul class=\"wp-block-list\">\n<li>Netzwerk Infrastruktur<\/li>\n\n\n\n<li>Analyse einer bestehenden IT-Infrastruktur<\/li>\n\n\n\n<li>Wartung und Service f\u00fcr Clients und Server<\/li>\n\n\n\n<li>Server und Storage-L\u00f6sungen<\/li>\n\n\n\n<li>Konsolidierung der Serversysteme<\/li>\n\n\n\n<li>Monitoring im Netzwerk- und Serverbereich<\/li>\n\n\n\n<li>Datensicherung und Datenschutz<\/li>\n\n\n\n<li>L\u00f6sungsorientierte Beratung im IT Umfeld<\/li>\n\n\n\n<li>Personal\u00fcberlassung f\u00fcr Urlaubs-\/Krankheits-Vertretung<br>oder Projektarbeit in Ihrem Hause<\/li>\n\n\n\n<li>L\u00f6sungen im Bereich Rechenzentrum<\/li>\n<\/ul>\n\n\n\n<div style=\"height:61px\" aria-hidden=\"true\" class=\"wp-block-spacer\"><\/div>\n\n\n\n<div class=\"wp-block-group box-shadow has-global-padding is-layout-constrained wp-block-group-is-layout-constrained\">\n<p class=\"has-text-align-center has-large-font-size\"><strong>Wir bieten Ihnen ein Rundum-Sorglos-Paket.<\/strong><\/p>\n\n\n\n<p class=\"has-text-align-center\">Planung, Installation und Wartung von Netzwerken Netzwerkadministration und Support Softwareanpassungen an Netzwerkbedingungen Konzeption der Datensicherung Integration heterogener Rechnerwelten in ein Netzwerk Internet und Intranet<\/p>\n<\/div>\n\n\n\n<div style=\"height:80px\" aria-hidden=\"true\" class=\"wp-block-spacer\"><\/div>\n\n\n\n<p>Wir nehmen uns viel Zeit f\u00fcr unsere Kunden. Wir erarbeiten die jeweils beste L\u00f6sung f\u00fcr die gestellte Aufgabe. Unser Ziel sind langfristige Gesch\u00e4ftsverbindungen, getragen von Kompetenz und Vertrauen.<\/p>\n\n\n\n<p>Unsere Zertifizierungen: (feste Mitarbeiter)<\/p>\n\n\n\n<p><br><a href=\"https:\/\/www.xing.com\/app\/search?op=combined&amp;section=members&amp;keywords=%22CCNA%20-%20Cisco%20Certified%20Network%20Associate%22\">CCNA &#8211; Cisco Certified Network Associate<\/a><br><a href=\"https:\/\/www.xing.com\/app\/search?op=combined&amp;section=members&amp;keywords=%22MCP%20-%20Microsoft%20Certified%20Professional%22\">MCP &#8211; Microsoft Certified Professional<\/a><br><a href=\"https:\/\/www.xing.com\/app\/search?op=combined&amp;section=members&amp;keywords=%22MCTS%20-%20Microsoft%20Certified%20Technology%20Specialist%22\">MCTS &#8211; Microsoft Certified Technology Specialist<\/a><br><a href=\"https:\/\/www.xing.com\/app\/search?op=combined&amp;section=members&amp;keywords=%22CISCO%20SMB%20Specialized%20Partner%22\">CISCO SMB Specialized Partner<\/a><br><a href=\"https:\/\/www.xing.com\/app\/search?op=combined&amp;section=members&amp;keywords=%22CCDA%20-%20%20Cisco%20Certified%20Design%20Associate%22\">CCDA &#8211; Cisco Certified Design Associate<\/a><br><a href=\"https:\/\/www.xing.com\/app\/search?op=combined&amp;section=members&amp;keywords=%22CCNA%20Wireless%20-%20Cisco%20Certified%20Network%20Associate%20Wireless%22\">CCNA Wireless &#8211; Cisco Certified Network Associate Wireless<\/a><\/p>\n","protected":false},"excerpt":{"rendered":"<p>L\u00f6sungen, die Ihnen den R\u00fccken frei halten und Raum f\u00fcr das Wichtige schaffen! Unser Ziel ist es Ihnen optimale IT-L\u00f6sungen bei unterschiedlichsten Anspr\u00fcchen zur Verf\u00fcgung zu stellen, damit Sie sich auch weiterhin auf Ihre Kernkompetenzen konzentrieren k\u00f6nnen. Durch eine grundlegende Analyse Ihrer IT-Infrastruktur und einer darauffolgenden Evaluierung eines speziell auf Ihre Belange angepassten Handlungskonzepts gew\u00e4hrleistet [&hellip;]<\/p>\n","protected":false},"author":1,"featured_media":0,"parent":0,"menu_order":0,"comment_status":"closed","ping_status":"closed","template":"","meta":{"footnotes":""},"class_list":["post-122","page","type-page","status-publish","hentry"],"_links":{"self":[{"href":"https:\/\/web14496.cweb06.gamingcontrol.de\/index.php?rest_route=\/wp\/v2\/pages\/122","targetHints":{"allow":["GET"]}}],"collection":[{"href":"https:\/\/web14496.cweb06.gamingcontrol.de\/index.php?rest_route=\/wp\/v2\/pages"}],"about":[{"href":"https:\/\/web14496.cweb06.gamingcontrol.de\/index.php?rest_route=\/wp\/v2\/types\/page"}],"author":[{"embeddable":true,"href":"https:\/\/web14496.cweb06.gamingcontrol.de\/index.php?rest_route=\/wp\/v2\/users\/1"}],"replies":[{"embeddable":true,"href":"https:\/\/web14496.cweb06.gamingcontrol.de\/index.php?rest_route=%2Fwp%2Fv2%2Fcomments&post=122"}],"version-history":[{"count":4,"href":"https:\/\/web14496.cweb06.gamingcontrol.de\/index.php?rest_route=\/wp\/v2\/pages\/122\/revisions"}],"predecessor-version":[{"id":165,"href":"https:\/\/web14496.cweb06.gamingcontrol.de\/index.php?rest_route=\/wp\/v2\/pages\/122\/revisions\/165"}],"wp:attachment":[{"href":"https:\/\/web14496.cweb06.gamingcontrol.de\/index.php?rest_route=%2Fwp%2Fv2%2Fmedia&parent=122"}],"curies":[{"name":"wp","href":"https:\/\/api.w.org\/{rel}","templated":true}]}}